= 0 - s**2 + 0 + 6*s. Give x(k).
8
Let m(j) be the first derivative of 7*j**3/3 + j**2 + 3*j - 150. Calculate m(-2).
27
Let s(d) = -2*d**3 + d**2 - d + 1. Let z(l) = 5*l**3 - 3*l - 6. Let v(c) = 2*s(c) + z(c). What is v(-4)?
-16
Let r(j) = -j**2 + 9*j - 9. Let p be (-15)/20 - (-297)/(-4). Let m be (-8)/(-36) + p/(-27). Suppose 25 - 1 = m*z + 2*f, 2*z - f = 9. Calculate r(z).
9
Let d = -9 + -2. Let g = d + 17. Let m be g/(-9) + 13/(-3). Let s(o) = o**2 + 6*o + 5. Calculate s(m).
0
Let k(w) = -w**3 - 7*w**2 - 10*w + 8. Let x be k(-4). Let d(y) = -y**3 + 2*y - 12. What is d(x)?
-12
Let o(l) = -2*l**2 - 16*l - 7. Let t be o(-7). Let u(n) = -2*n + 115 - 115. What is u(t)?
-14
Let z = 32 - 43. Let s(i) = -i**3 - 12*i**2 - 11*i - 7. Let k be s(z). Let g(t) = -t**2 - 8*t - 3. Calculate g(k).
4
Let j(u) be the third derivative of u**5/60 - u**3/2 - 479*u**2. Suppose -4*l = -4*p + 28, -4 = 4*l - p + 3*p. What is j(l)?
6
Let w(t) = -2*t - 6. Let g = -28 - -25. Give w(g).
0
Let y = -12 - -13. Let o(d) = 50*d - y - 25*d - 26*d. What is o(-5)?
4
Suppose 6*x - 35 = 1. Let o(j) = -5*j. Let w(z) = -4*z. Let b(k) = x*w(k) - 5*o(k). What is b(-5)?
-5
Let m(q) = -2. Let d(n) = -n + 10. Let j(o) = -d(o) - 5*m(o). Determine j(10).
10
Let y(p) = 13*p**2 + 10*p. Let a(u) = 13*u**2 + 10*u - 1. Let f(n) = -7*a(n) + 6*y(n). Let c(w) = 4*w**2 + 3*w - 2. Let d(h) = -7*c(h) - 2*f(h). What is d(-3)?
-15
Let q(u) = 1 - 24*u + 14*u + 0*u + u**2 - 2. Calculate q(0).
-1
Let a(s) = -6*s - 3*s - 88*s**3 + 1 + 3*s**2 + 94*s**3. Let g(h) = -h**3 + 3*h - 3*h - 1 + h. Let b(o) = -a(o) - 5*g(o). Give b(-3).
-8
Suppose u - a + 2*a = 85, 4*u + 5*a = 345. Let p = -85 + u. Let y(j) = -j**3 - 4*j**2 + 5*j + 2. Give y(p).
2
Suppose -61*x = -65*x. Let k(q) be the second derivative of 0 + 0*q**2 - 1/20*q**5 + 1/6*q**3 + x*q**4 + 4*q. Calculate k(0).
0
Let i(b) = b + 6. Let p be 1*(-2)/((-5)/(-20) + 0). What is i(p)?
-2
Suppose v = -r + 4*r + 5, 3*v - 3*r - 9 = 0. Let g = -1 + 1. Let j(m) = -4*m**2 + g*m + 4*m - 2 - m**3 - 6*m**2 + 7*m**2. Give j(v).
-14
Let i(l) = -7*l + 4. Let f(o) = 6*o - 3. Suppose 0 = -c - 0 + 8. Let n(s) = -s**3 + 9*s**2 - 8*s + 5. Let g be n(c). Let d(t) = g*f(t) + 4*i(t). Give d(4).
9
Let o(b) be the second derivative of -b**5/20 - b**4/2 - b**3/2 - 2*b**2 + 183*b. Calculate o(-4).
-24
Let s(l) = -l + 2. Let v(d) = -7*d - 32. Let n(q) = 4*s(q) - v(q). Determine n(-12).
4
Let r(b) = b**3 + 3*b + 3. Suppose -4*h + 6 = -2*c, -41 = 3*c + 2*h - 0. Let o = c + 11. Suppose -4*i = -4*z + 8, 2*i + o*i + 4 = -4*z. Determine r(i).
-11
Let v(m) = m**3 - 9*m**2 + 6*m + 4. Suppose -q - l + 11 = -4*l, -5*q + 38 = 2*l. Calculate v(q).
-12
Let r(w) = -w**3 + 9*w**2 - 11*w - 13. Let u be 116/20 + -6*(-2)/10. Determine r(u).
8
Let k = 275 - 273. Let s(u) be the second derivative of -3/2*u**2 - 1/3*u**3 - 1/4*u**4 - 1/20*u**5 + 0 + k*u. What is s(-2)?
-3
Let a(y) = 3*y + 8. Suppose 0 = 8*x - 19*x + 88. Determine a(x).
32
Let r = 27 - 22. Suppose 2*h + h - r*i = 15, 4*i = -h + 5. Let z(n) be the first derivative of -n**4/4 + 4*n**3/3 + 3*n**2/2 + 7*n + 1. Determine z(h).
-3
Let p(d) = -d**3 - 4*d**2 - 1 + 2 - 8 + d + 5. Let s be p(-4). Let v(c) = c**2 + 9*c + 3. Give v(s).
-15
Let r(y) be the first derivative of -3*y**2/2 + 10*y + 923. Determine r(4).
-2
Let a = 962 - 961. Let t(o) = 21*o**2 + 1. What is t(a)?
22
Let p(g) = -4 - 6 - 2*g + 10 - 3. Let a = 26 - 11. Suppose 5*m + a + 0 = 0. What is p(m)?
3
Let c(u) be the third derivative of u**5/60 - u**4/6 - 11*u**3/6 - 235*u**2. What is c(5)?
-6
Let h(y) = -16*y + 66. Let k be h(4). Let w(l) = l - 5. Calculate w(k).
-3
Let p(f) = -17*f - 8 + 21*f - 3*f. What is p(7)?
-1
Let l be 30/(-7) + 6/21. Let k(r) be the second derivative of -r**4/12 - 2*r**3/3 - r**2/2 + 13*r + 8. Calculate k(l).
-1
Let k(q) be the first derivative of -q**4/4 + 5*q**3/3 + 5*q**2/2 + 2*q + 37. Let w be k(6). Let r(s) = s**2 + 6*s + 2. What is r(w)?
-6
Let c(m) = -3 + 4 - 6*m - 5 - 21*m**3 - 5*m**2 + 20*m**3. What is c(-4)?
4
Suppose -5*y = -5*p - y, -4*y + 16 = -p. Let s(w) = w + 4. What is s(p)?
8
Let k = 12 + -10. Let m(q) = k - 89*q + 41*q - 15 + 49*q. What is m(6)?
-7
Let j = 23 + -17. Let k(c) = -2*c + 14. Let m be k(j). Let q(d) = -d**2 - 5 - 2*d + 2*d**m - 11 + 18. Give q(3).
5
Let a(v) = -2*v**3 + 2*v**2 - 2*v + 1. Let j(h) = -h**3 + 7*h**2 + 4*h - 11. Let u be j(6). Let z = -47 + u. Calculate a(z).
-11
Let k(s) = -1. Let j(v) = v**2 - 6*v. Let a(n) = j(n) - 2*k(n). Let u(h) = 11*h - 3. Let i be u(-4). Let d = i + 53. Give a(d).
2
Let z(k) = k**2 + 5*k + 5. Let w be z(-5). Let u(l) = -8*l**2 + 3 + 2*l + l**3 - 20*l**2 + 22*l**2 + 0*l**3. What is u(w)?
-12
Let o(w) be the third derivative of w**6/60 - w**5/60 + w**4/12 + w**3/3 - 694*w**2. Let u be -3*(-1 + 5/3). Calculate o(u).
-22
Let f(y) = -7*y + 5. Let l(c) = 41*c - 5. Let d be l(1). Suppose -7*x = 2*x - d. What is f(x)?
-23
Let d(q) be the third derivative of q**4/24 + q**3/3 + 5*q**2 - 4*q. Let f be 2/(-16) + 150/48. What is d(f)?
5
Let k(r) = -r**2 + 22*r - 4. Let g be k(22). Let m(a) = -a**2 - 3*a - 2. Determine m(g).
-6
Suppose -3*a - 15 = -4*b + 16, -2*b + 18 = -2*a. Let w(l) = 2 - 5 + 1 + b*l + 3. Let z = -14 + 16. What is w(z)?
9
Let o = -75 - -80. Let s(u) = 61*u**2 - 5 + u**3 - o*u + 4 - 66*u**2. Give s(5).
-26
Let f(o) = -9*o - 16 - 9*o**2 - o**3 - 23 - 18 + 68 - 19. Calculate f(-8).
0
Let s be -1 + 2 + 1 + -1. Let c(g) = -2 + 2 + 0 + s - g. Let d(p) = 4*p - 4. Let h(l) = -5*c(l) - d(l). Give h(2).
1
Let o(p) = p - 3. Let u = 120 - 80. Suppose 4*i = -0*n - 2*n, 3*n = 4*i + u. Suppose 2*t + 0*t - n = 0. Give o(t).
1
Let o(a) = 2*a**3 + 3*a**2 - 4*a + 2. Suppose 3*s = -4*r + 50, -5*r = -4*s - 13 + 90. Suppose 14 = -11*f + s*f. What is o(f)?
22
Let p be (0 + (-8)/(-6))*-3. Let w(t) be the third derivative of t**5/30 + 5*t**4/24 - 2*t**3/3 + 12*t**2 + 6*t. What is w(p)?
8
Suppose 5*u + 19 + 21 = 5*v, 4*u = -2*v - 14. Let w(k) be the third derivative of 0*k + 14*k**2 + 3/2*k**v + 0 + 1/24*k**4. Calculate w(0).
9
Let w(a) = -a + 8. Let f be w(14). Suppose 16 = 4*i - 0. Let u(b) = 0 + i + 3 + b - 3. Give u(f).
-2
Let z(g) = -2*g**2 - 10*g + 5. Suppose 12*k = 9*k. Let a be ((-4)/8 + k)*-14. Let d(w) = -5*w**2 - 21*w + 11. Let s(h) = a*z(h) - 3*d(h). What is s(6)?
-4
Suppose 2*k + 4*z = 6, 2*k + 0*k - 5*z = -3. Let o(i) = -k - 8*i**3 + 3 - 2. Determine o(1).
-8
Let s(a) = -a - 3. Let i(j) = -4*j - 13. Let d(l) = -i(l) + 5*s(l). Determine d(-5).
3
Let t(b) = -b**2 + 2. Let u(q) = 2*q**2 - 3*q + 1. Let w(j) = -t(j) - u(j). Give w(2).
-1
Let v(o) = -44 + 75 - 41 + 3*o. What is v(6)?
8
Suppose 2*q = q - 3*y + 11, -q + 3*y - 19 = 0. Let n(a) be the third derivative of a**4/24 + a**3/6 + 8*a**2. What is n(q)?
-3
Suppose -h = 3*w - 4 - 0, -5*h - 16 = -3*w. Let o(b) = -w + b + 0 + b. Suppose -4*f + 3 = -5. Give o(f).
2
Let p(h) = 3*h**2 - 4*h**2 + h + 2*h. Let s(v) be the third derivative of v**6/120 + v**5/20 - v**4/24 + v**3/6 - 16*v**2. Let u be s(-3). Calculate p(u).
-4
Let r(y) be the third derivative of y**6/720 + y**5/10 - y**4/12 - 16*y**2. Let m(g) be the second derivative of r(g). Let n = -12 - -6. Calculate m(n).
6
Let c(j) = j**3 + 7*j**2 + 2*j + 24. Let d be c(-7). Let l = -14 + d. Let x(z) = z**2 + 5*z + 1. Calculate x(l).
-3
Let d be (((-3)/6)/(8/(-160)))/1. Let c(o) = -2*o + 14. What is c(d)?
-6
Let a(c) = -c**2 - c - 2. Let z = -1 + 6. Suppose 0*n - z = -5*r - n, 3*r - 2*n - 16 = 0. Give a(r).
-8
Let d(z) = -z**2 + 3*z. Let m(k) = k**2 + 1. Let t(u) = d(u) + 2*m(u). Suppose -2*b = 4*l - l + 22, 4*l + 26 = -2*b. Determine t(l).
6
Let f be 4 - 3/(-3)*-2. Let d(t) = -t + 138 - 3*t**2 + 135 - 271. Determine d(f).
-12
Let w(x) = x**2 + 10*x - 2. Let d(u) = 2*u**2 + 9*u - 2. Let f(c) = 2*d(c) - 3*w(c). What is f(11)?
-9
Let b(x) = -4*x - 19. Suppose m + 8 + 0 = 0. Calculate b(m).
13
Let s(c) = c**3 - 14*c**2 + 5*c - 8. Let n(r) = r**3 - 15*r**2 + 4*r - 8. Let y be ((-5)/15)/((-3)/(-54)). Let u(i) = y*s(i) + 5*n(i). Calculate u(8).
-8
Let q(g) = 0*g**3 - 6*g**2 - 4 + g**3 - g - 2*g**3. Suppose 5*w - 2*a + 18 = 0, -9 - 13 = 5*w - 3*a. Let d be w + (-6)/3*2. Calculate q(d).
2
Let m be 4 + -5 + 3*3. Suppose -3*s = s - m. Let w(q) = 4*q - 4*q - q**s + 1 - 2*q. Give w(-4).
-7
Let y(u) = -5 + 3 + 0*u +